{"id":67,"date":"2014-03-14T14:34:51","date_gmt":"2014-03-14T13:34:51","guid":{"rendered":"http:\/\/kno.farnost.cz\/?page_id=67"},"modified":"2020-06-07T15:56:22","modified_gmt":"2020-06-07T13:56:22","slug":"panny-marie-bolestne","status":"publish","type":"page","link":"https:\/\/kno.farnost.cz\/?page_id=67","title":{"rendered":"Panna Marie Bolestn\u00e1"},"content":{"rendered":"<p><a href=\"https:\/\/kno.farnost.cz\/wp-content\/uploads\/2014\/10\/DSC_0171_m.jpg\" data-rel=\"lightbox-image-0\" data-rl_title=\"\" data-rl_caption=\"\" title=\"\"><img loading=\"lazy\" decoding=\"async\" class=\"alignnone wp-image-397 size-full\" src=\"https:\/\/kno.farnost.cz\/wp-content\/uploads\/2014\/10\/DSC_0171_m.jpg\" alt=\"DSC_0171_m\" width=\"800\" height=\"536\"><\/a><\/p>\n<p>Stavbu homolsk\u00e9ho poutn\u00edho kostela&nbsp;financovala hrab\u011bnka Terezie Eleonora rozen\u00e1 ze \u017d\u010f\u00e1ru,&nbsp;provdan\u00e1 za&nbsp;\u0161pan\u011blsk\u00e9ho gener\u00e1la Petra, hrab\u011bte z Ugarte.&nbsp;Terezie Eleonora byla jeho druhou chot\u00ed a m\u011bla s n\u00edm n\u011bkolik d\u011bt\u00ed \u2013&nbsp;mj. jedinou p\u0159e\u017eiv\u0161\u00ed dceru Marii Maxmili\u00e1nu z Ugarte, provdanou baronku a posl\u00e9ze hrab\u011bnku Z\u00e1rubovou z Husti\u0159an usazenou na z\u00e1mku v Kostelci nad Orlic\u00ed. K t\u00e9 si Terezie Eleonora vytvo\u0159ila bl\u00edzk\u00e9 nitern\u00e9 pouto, kter\u00e9 p\u0159isp\u011blo i k tomu, \u017ee se ji\u017e jako vdova&nbsp;odst\u011bhovala v roce 1688 z velkomezi\u0159\u00ed\u010dsk\u00e9ho z\u00e1mku a V\u00eddn\u011b do mal\u00e9ho (nov\u011b zakoupen\u00e9ho a vystav\u011bn\u00e9ho) z\u00e1mku v Borovnici, aby byla sv\u00e9 dce\u0159i co nejbl\u00ed\u017ee.<\/p>\n<p>Z\u00e1kladn\u00ed k\u00e1men kostela byl polo\u017een 12. kv\u011btna 1692 a t\u0159\u00eddenn\u00ed slavnosti prob\u011bhly za p\u0159\u00edtomnosti kr\u00e1lov\u00e9hradeck\u00e9ho biskupa Jana Franti\u0161ka Kry\u0161tofa z Talmberka. Spolu s kostelem byla na n\u00e1vr\u0161\u00ed nov\u011b vybudov\u00e1na i \u0161kola.<\/p>\n<p>Kostel byl navr\u017een jako prost\u00e1 jednolodn\u00ed stavba se \u0161t\u00edtov\u00fdm pr\u016f\u010del\u00edm nato\u010den\u00fdm netypicky severn\u00edm sm\u011brem, aby dominoval okoln\u00ed voln\u00e9 krajin\u011b. Architektura je ran\u011b barokn\u00ed. Fas\u00e1da pr\u016f\u010del\u00ed je \u010dlen\u011bna ploch\u00fdmi lisenami, \u0161t\u00edt vyb\u00edh\u00e1 z volutov\u00fdch vyzd\u00edvek. Hranolov\u00e1 v\u011b\u017e v severov\u00fdchodn\u00edm rohu byla roku 1740 str\u017eena vich\u0159ic\u00ed, ale z\u00e1hy do\u0161lo k jej\u00ed oprav\u011b. Kostel je obklopen mal\u00fdm h\u0159bitovem, kde byly roku 1703 postaveny dv\u011b kaple (kaple sv. Jana Nepomuck\u00e9ho a kaple Nanebevzet\u00ed Panny Marie). Jako t\u0159et\u00ed kaple vypad\u00e1 kostnice na v\u00fdchodn\u00ed stran\u011b kostela, kter\u00e1 byla postavena roku 1778.<\/p>\n<p>K poutn\u00edmu chr\u00e1mu vede unik\u00e1tn\u00ed kamenn\u00e9 schodi\u0161t\u011b, kter\u00e9 je ojedin\u011blou um\u011blecko-historickou a stavebn\u00ed pam\u00e1tkou v r\u00e1mci st\u0159edn\u00ed Evropy. Socha\u0159sk\u00e1 v\u00fdzdoba je z 2. pol. 18. stolet\u00ed a poch\u00e1z\u00ed z d\u00edlny rodiny Hendrich\u016f z Litomy\u0161le. V sou\u010dasnosti z n\u00ed zb\u00fdvaj\u00ed pouze fragmenty. Schodi\u0161t\u011b tvo\u0159\u00ed 153 kamenn\u00fdch stup\u0148\u016f a 16 odpo\u010d\u00edvadel. Po\u010det schod\u016f a odpo\u010d\u00edvadel je symbolick\u00fd; byl ur\u010den my\u0161lenkou, aby se poutn\u00edci na schodech mohli pomodlit cel\u00fd r\u016f\u017eenec. Stup\u0148\u016f je tolik, kolik Zdr\u00e1vas\u016f obsahuje p\u016fvodn\u00ed r\u016f\u017eenec a odpo\u010d\u00edvadel tolik, kolikr\u00e1t se opakuje modlitba Ot\u010de n\u00e1\u0161. Smysl t\u00e9to stavby je ukotven v modlitb\u011b a modlitba se tak stala architektem:<\/p>\n<blockquote><p>jak se modlit na homolsk\u00fdch schodech<\/p><\/blockquote>\n<p>Za\u010d\u00edn\u00e1me znamen\u00edm k\u0159\u00ed\u017ee, modlitbou V\u011b\u0159\u00edm v Boha, Ot\u010de n\u00e1\u0161 a 3x Zdr\u00e1vas Maria. N\u00e1sleduje Des\u00e1tek,&nbsp;kter\u00fd&nbsp;za\u010d\u00edn\u00e1 modlitbou Ot\u010de n\u00e1\u0161, po n\u011bm je&nbsp;v\u017edy deset Zdr\u00e1vas\u016f. Na konci ka\u017ed\u00e9ho des\u00e1tku se modl\u00edme Sl\u00e1va Otci.<\/p>\n<p>Ka\u017ed\u00fd des\u00e1tek medituje nad jin\u00fdm tajemstv\u00edm, po jm\u00e9nu Je\u017e\u00ed\u0161 vkl\u00e1d\u00e1me nejprve <strong>tajemstv\u00ed radostn\u00e1<\/strong>:<\/p>\n<p>1.Je\u017e\u00ed\u0161, kter\u00e9ho jsi z Ducha svat\u00e9ho po\u010dala,<\/p>\n<p>2.Je\u017e\u00ed\u0161, s kter\u00fdm jsi Al\u017eb\u011btu nav\u0161t\u00edvila,<\/p>\n<p>3.Je\u017e\u00ed\u0161, kter\u00e9ho jsi v Betl\u00e9m\u011b porodila,<\/p>\n<p>4.Je\u017e\u00ed\u0161, kter\u00e9ho jsi v chr\u00e1m\u011b ob\u011btovala,<\/p>\n<p>5.Je\u017e\u00ed\u0161, kter\u00e9ho jsi v chr\u00e1m\u011b nalezla;<\/p>\n<p><strong>tajemstv\u00ed bolestn\u00e1<\/strong>:<\/p>\n<p>1.Je\u017e\u00ed\u0161, kter\u00fd se pro n\u00e1s krv\u00ed potil,<\/p>\n<p>2.Je\u017e\u00ed\u0161, kter\u00fd byl pro n\u00e1s bi\u010dov\u00e1n,<\/p>\n<p>3.Je\u017e\u00ed\u0161, kter\u00fd byl pro n\u00e1s trn\u00edm korunov\u00e1n,<\/p>\n<p>4.Je\u017e\u00ed\u0161, kter\u00fd pro n\u00e1s nesl t\u011b\u017ek\u00fd k\u0159\u00ed\u017e,<\/p>\n<p>5.Je\u017e\u00ed\u0161, kter\u00fd byl pro n\u00e1s uk\u0159i\u017eov\u00e1n;<\/p>\n<p>a <strong>tajemstv\u00ed slavn\u00e1<\/strong>:<\/p>\n<p>1.Je\u017e\u00ed\u0161, kter\u00fd z mrtv\u00fdch vstal<\/p>\n<p>2.Je\u017e\u00ed\u0161, kter\u00fd na nebe vstoupil<\/p>\n<p>3.Je\u017e\u00ed\u0161, kter\u00fd Ducha svat\u00e9ho seslal<\/p>\n<p>4.Je\u017e\u00ed\u0161, kter\u00fd t\u011b, Panno, do nebe vzal<\/p>\n<p>5.Je\u017e\u00ed\u0161, kter\u00fd t\u011b v nebi korunoval<\/p>\n<p>Na z\u00e1v\u011br: Zdr\u00e1vas Kr\u00e1lovno.<\/p>\n<p><a href=\"https:\/\/kno.farnost.cz\/wp-content\/uploads\/2014\/03\/salve-regina.gif\" data-rel=\"lightbox-image-1\" data-rl_title=\"\" data-rl_caption=\"\" title=\"\"><img loading=\"lazy\" decoding=\"async\" class=\"alignnone size-full wp-image-300\" src=\"https:\/\/kno.farnost.cz\/wp-content\/uploads\/2014\/03\/salve-regina.gif\" alt=\"salve-regina\" width=\"1135\" height=\"1386\"><\/a><\/p>\n","protected":false},"excerpt":{"rendered":"<p>Stavbu homolsk\u00e9ho poutn\u00edho kostela&nbsp;financovala hrab\u011bnka Terezie Eleonora rozen\u00e1 ze \u017d\u010f\u00e1ru,&nbsp;provdan\u00e1 za&nbsp;\u0161pan\u011blsk\u00e9ho gener\u00e1la Petra, hrab\u011bte z Ugarte.&nbsp;Terezie Eleonora byla jeho druhou chot\u00ed a m\u011bla s n\u00edm n\u011bkolik d\u011bt\u00ed \u2013&nbsp;mj. jedinou p\u0159e\u017eiv\u0161\u00ed dceru Marii Maxmili\u00e1nu z Ugarte, provdanou baronku a posl\u00e9ze hrab\u011bnku Z\u00e1rubovou z Husti\u0159an usazenou na z\u00e1mku v Kostelci nad Orlic\u00ed. K t\u00e9 si Terezie Eleonora &hellip; <a href=\"https:\/\/kno.farnost.cz\/?page_id=67\" class=\"more-link\">Pokra\u010dov\u00e1n\u00ed textu <span class=\"screen-reader-text\">Panna Marie Bolestn\u00e1<\/span> <span class=\"meta-nav\">&rarr;<\/span><\/a><\/p>\n","protected":false},"author":1,"featured_media":0,"parent":32,"menu_order":0,"comment_status":"closed","ping_status":"open","template":"","meta":{"footnotes":""},"class_list":["post-67","page","type-page","status-publish","hentry"],"_links":{"self":[{"href":"https:\/\/kno.farnost.cz\/index.php?rest_route=\/wp\/v2\/pages\/67","targetHints":{"allow":["GET"]}}],"collection":[{"href":"https:\/\/kno.farnost.cz\/index.php?rest_route=\/wp\/v2\/pages"}],"about":[{"href":"https:\/\/kno.farnost.cz\/index.php?rest_route=\/wp\/v2\/types\/page"}],"author":[{"embeddable":true,"href":"https:\/\/kno.farnost.cz\/index.php?rest_route=\/wp\/v2\/users\/1"}],"replies":[{"embeddable":true,"href":"https:\/\/kno.farnost.cz\/index.php?rest_route=%2Fwp%2Fv2%2Fcomments&post=67"}],"version-history":[{"count":0,"href":"https:\/\/kno.farnost.cz\/index.php?rest_route=\/wp\/v2\/pages\/67\/revisions"}],"up":[{"embeddable":true,"href":"https:\/\/kno.farnost.cz\/index.php?rest_route=\/wp\/v2\/pages\/32"}],"wp:attachment":[{"href":"https:\/\/kno.farnost.cz\/index.php?rest_route=%2Fwp%2Fv2%2Fmedia&parent=67"}],"curies":[{"name":"wp","href":"https:\/\/api.w.org\/{rel}","templated":true}]}}