{"id":594,"date":"2017-04-15T09:24:09","date_gmt":"2017-04-15T08:24:09","guid":{"rendered":"http:\/\/kno.farnost.cz\/?page_id=594"},"modified":"2017-07-25T23:06:55","modified_gmt":"2017-07-25T22:06:55","slug":"opravy","status":"publish","type":"page","link":"https:\/\/kno.farnost.cz\/?page_id=594","title":{"rendered":"opravy"},"content":{"rendered":"<p>1. 6. 2017<br \/>\nJak jsme st\u011bhovali sochu <\/p>\n<p><em>Jednoho kv\u011btnov\u00e9ho sobotn\u00edho r\u00e1na, socha svat\u00e9ho Jana z kamene vytes\u00e1na, byla z farn\u00edho dvora na zahradu p\u0159est\u011bhov\u00e1na.<\/em><\/p>\n<p>Omlouv\u00e1m se za \u00favodn\u00ed pokus o bonmot, ale p\u0159i\u0161el mi na mysl v souvislosti s t\u00edm, co bych v kr\u00e1tkosti cht\u011bla napsat. Na jedn\u00e9 z brig\u00e1d v r\u00e1mci akce F bylo rozhodnuto, \u017ee p\u00edskovcov\u00e1 socha svat\u00e9ho Jana Nepomuck\u00e9ho stoj\u00edc\u00ed na ned\u016fstojn\u00e9m m\u00edst\u011b a v ned\u016fstojn\u00e9 pozici \u010delem ke zdi v rohu farn\u00edho dvora, bude p\u0159em\u00edst\u011bna na farn\u00ed zahradu. Lehce se \u0159ekne, h\u016f\u0159 se kon\u00e1. <\/p>\n<p>Ale pustili jsem se do toho. Po vzoru star\u00fdch Egyp\u0165an\u016f p\u0159em\u00eds\u0165uj\u00edc\u00edch obrovsk\u00e9 kamenn\u00e9 kv\u00e1dry p\u0159i stavb\u00e1ch pyramid za pomoci jednoduch\u00fdch stroj\u016f (p\u00e1ka, naklon\u011bn\u00e1 rovina, kolo na h\u0159\u00eddeli) jsme v po\u010dtu \u010dty\u0159 mu\u017e\u016f a dvou \u017een nejprve p\u0159est\u011bhovali podstavec, ten upevnili a n\u011bj po t\u00e9 postavili samotnou sochu. Pr\u00e1ce netrvala a\u017e tak dlouho. V\u0161e se bez v\u011bt\u0161\u00edch komplikac\u00ed a bez \u00farazu poda\u0159ilo.  Socha v sou\u010dasn\u00e9 dob\u011b stoj\u00ed na zahrad\u011b, d\u00edv\u00e1 se d\u00edlem na m\u011bsto a d\u00edlem na faru a v\u011b\u0159te nebo ne, nepatrn\u011b se usm\u00edv\u00e1\u2026<br \/>\nMS<\/p>\n<p>15. 4. 2017<br \/>\nAkce F v\u00a0na\u0161\u00ed farnosti<\/p>\n<p>Jak vznikla my\u0161lenka Akce F? Co to je? Za\u010dalo to na Silvestra\u2026<\/p>\n<p>Vyslechnut\u00edm zpr\u00e1vy o \u010dinnosti na\u0161\u00ed farnosti a o jej\u00edm hospoda\u0159en\u00ed, kterou p\u0159ednesl otec Benedikt na Silvestra 2016 nam\u00edsto sv\u00e9 homilie, jsme se za\u010dali zab\u00fdvat sp\u0159\u00e1d\u00e1n\u00edm my\u0161lenek, pl\u00e1n\u016f, n\u00e1pad\u016f, viz\u00ed co d\u011blat. \u00dapln\u011b nejv\u00edc n\u00e1s ve zpr\u00e1v\u011b zaujala zna\u010dn\u011b mal\u00e1 \u010d\u00e1st finan\u010dn\u00edch prost\u0159edk\u016f, kterou jsme d\u00edky restituc\u00edm ro\u010dn\u011b \u201ez\u00edskali\u201c \u2013 kladli jsme si ot\u00e1zky: Co s\u00a0t\u00edm? D\u00e1 se s\u00a0t\u00edm n\u011bco ud\u011blat? Budeme podnikat? Kde zas\u00edt, aby pak budouc\u00ed generace mohly skl\u00edzet? Abychom nepromarnili p\u0159\u00edle\u017eitosti (sv\u00e9 h\u0159ivny) a n\u011bco podnikli s\u00a0neut\u011b\u0161enou budoucnost\u00ed, kdy na\u0161e farnost bude v\u017edycky ta, kter\u00e1 bude natahovat ruku a prosit o dotaci z\u00a0fondu solidarity\u2026<\/p>\n<p>\u0160lo by n\u011bco smyslupln\u00e9ho d\u011blat s\u00a0prost\u0159edky, kter\u00e9 m\u00e1me k\u00a0dispozici? A co m\u00e1me k\u00a0dispozici? V\u00fdborn\u011b\u2026 m\u00e1me dome\u010dek, starou orlovnu, pr\u00e1delnu, gar\u00e1\u017e a poz\u016fstatky hospod\u00e1\u0159sk\u00e9ho z\u00e1zem\u00ed, faru a co je\u0161t\u011b? N\u011bkde n\u011bjak\u00e9 propachtovan\u00e9 pozemky, kousek ne moc poda\u0159en\u011b vysazen\u00e9ho lesa\u2026 tam na\u0161e v\u011bdomosti skon\u010dily.<\/p>\n<p>To u\u017e byl jen krok k\u00a0prohl\u00eddce farn\u00edho dvora a zamy\u0161len\u00ed nad n\u00edm a zji\u0161t\u011bn\u00ed stavu teras pod farou \u2013 tak to je mal\u00e9r. A ne mal\u00fd. Jak dlouho bude trvat, ne\u017e na\u0161e kameny za\u010dnou padat kolemjdouc\u00edm na hlavu?<\/p>\n<p>Vznikla v\u00a0n\u00e1s my\u0161lenka-\u00famysl d\u00e1t ve prosp\u011bch objekt\u016f na\u0161\u00ed farnosti, kter\u00e9 jsou konec konc\u016f na\u0161\u00edm spole\u010dn\u00fdm majetkem, n\u011bjak\u00fd \u201en\u00e1\u0161 \u010das\u201c\u2026 co kdybychom ze sv\u00e9ho voln\u00e9ho \u010dasu, kter\u00fd jist\u011b n\u011bjak smyslupln\u011b pro\u017eijeme doma, dali na olt\u00e1\u0159 farnosti t\u0159eba jednu sobotu v\u00a0m\u011bs\u00edci a co kdybychom tu my\u0161lenku \u0161\u00ed\u0159ili d\u00e1l? K\u00a0na\u0161im kamar\u00e1d\u016fm, na\u0161im spolubratr\u016fm farn\u00edk\u016fm? P\u0159ece nem\u016f\u017eeme do nekone\u010dna p\u0159i spr\u00e1v\u011b objekt\u016f o\u010dek\u00e1vat aktivitu jen od pana Stehl\u00edka, v\u00a0posledn\u00ed dob\u011b od rodiny Fialov\u00fdch, od \u017een, kter\u00e9 ukl\u00edz\u00ed a zdob\u00ed kostel, a ur\u010dit\u011b to nem\u016f\u017eou vytrhnout jednor\u00e1zov\u00e9 akce, o kter\u00fdch v\u00edme, jako o t\u00e9 dobrodru\u017en\u00e9 Pepy Polnick\u00e9ho\u2026 a o kolika takov\u00fdch soukrom\u00fdch akc\u00edch jednotlivc\u016f nev\u00edme?<\/p>\n<p>P\u0159ece bychom se m\u011bli my, osobn\u011b, ka\u017ed\u00fd z\u00a0n\u00e1s, za\u010d\u00edt zaj\u00edmat o sv\u016fj majetek, jako se star\u00e1me o sv\u00e9 domy, o sv\u00e9 dom\u00e1cnosti\u2026 A jestli\u017ee se nepostar\u00e1me a nikdo to za n\u00e1s neud\u011bl\u00e1, jsme p\u0159ipraveni na to, \u017ee dome\u010dky spadnou, budeme \u010dekat, a\u017e to zub \u010dasu vy\u0159e\u0161\u00ed? M\u00e1 n\u00e1s to nechat lhostejn\u00fdmi, nem\u00e1 n\u00e1s to zaj\u00edmat?<\/p>\n<p>Na druhou stranu &#8211; co budeme m\u00edt z\u00a0toho, \u017ee budeme d\u00e1vat svou energii a ur\u010dit\u011b nemal\u00e9 pen\u00edze do oprav objekt\u016f, kter\u00e9 nevyu\u017eijeme k\u00a0n\u011bjak\u00e9mu smyslupln\u00e9m \u00fa\u010delu, zisku, prosp\u011bchu, podnik\u00e1n\u00ed? Vr\u00e1t\u00ed se farnosti takov\u00e9 pen\u00edze a ta energie v\u00a0n\u011bjak\u00e9m \u010dasov\u00e9m horizontu? A ejhle \u2013 zrodila se vize: T\u0159eba se najde mecen\u00e1\u0161 a na\u0161e farnost bude vyr\u00e1b\u011bt t\u0159eba farn\u00ed pivo\u2026 pod zna\u010dkou Benedikt? Nebo Kosteleck\u00fd lev? Minipivovary fr\u010d\u00ed a lid\u00ed pivo v\u017edycky zaj\u00edmalo\u2026 ????<\/p>\n<p>Prob\u00edrali jsme to b\u011bhem jednoho \u00fanorov\u00e9ho dopoledne s\u00a0otcem Benediktem, za okny byla mraziv\u00e1 zima, a tak jsme se dozv\u011bd\u011bli, \u017ee top\u00ed P\u00e1nu Bohu do oken, nebo\u0165 fa\u0159e chyb\u00ed zateplen\u00ed stropu, co\u017e by znamenalo vyklidit p\u016fdu plnou \u010dehokoli, vytrhat fo\u0161ny z\u00a0podlahy, vlo\u017eit tam izola\u010dn\u00ed materi\u00e1l a zrekonstruovat podlahu. Tak v\u00e1m s\u00a0t\u00edm pom\u016f\u017eeme\u2026 a vznikla prvn\u00ed Akce F (je z\u0159ejm\u00e1 inspirace Akcemi Z?) Oslovili jsme svoje okol\u00ed a lidi, s\u00a0kter\u00fdmi nejv\u00edc komunikujeme, a vyhl\u00e1sili ji osobn\u00edm \u201en\u00e1borem\u201c nebo p\u0159es email.<\/p>\n<p>V\u00a0sobotu 18. \u00fanora jsme v\u00a09 hodin se\u0161li s\u00a0jasn\u00fdm c\u00edlem vyklidit nepo\u0159\u00e1dek na p\u016fd\u011b a odvozit co nejv\u00edc v\u011bc\u00ed do Technick\u00fdch slu\u017eeb, p\u0159\u00edpadn\u011b hodnotn\u011bj\u0161\u00ed v\u011bci um\u00edstit n\u011bkde jinde v\u00a0prostor\u00e1ch fary\u2026 p\u0159itom do\u0161lo na prohl\u00eddku t\u011bch objekt\u016f, kter\u00e9 jsou zmi\u0148ov\u00e1ny v\u00fd\u0161e a byl zji\u0161t\u011bn v\u0161ude havarijn\u00ed stav budov od st\u0159ech po\u010d\u00ednaje. V\u0161ech jeden\u00e1ct kamar\u00e1d\u016f (dorazili dokonce i z\u00a0jin\u00fdch farnost\u00ed \u2013 konkr\u00e9tn\u011b choce\u0148sk\u00e9 a \u010dastolovick\u00e9) se sna\u017eilo ze v\u0161ech sil, a tak jsme okolo 13. hodiny \u0161pinav\u00ed, ale spokojen\u00ed, nahl\u00e1sili panu far\u00e1\u0159i, \u017ee je hotovo, prostory jsou p\u0159ipraveny k\u00a0proveden\u00ed zateplen\u00ed. Par\u00e1dn\u00ed \u201ekomando\u201c! Zed\u0159eli jsme se, ale byli jsme \u0161\u0165astn\u00ed z\u00a0\u00fasp\u011b\u0161n\u011b zvl\u00e1dnut\u00e9 prvn\u00ed akce F.<\/p>\n<p>Jen\u017ee v\u00a0hlav\u00e1ch u\u017e n\u00e1m p\u0159ich\u00e1zely n\u00e1pady, co d\u00e1l\u2026 jestli\u017ee jsme za dva voz\u00edky se sut\u00ed a nepo\u0159\u00e1dkem po spo\u010d\u00edt\u00e1n\u00ed n\u00e1klad\u016f a v\u00fdnos\u016f prod\u011blali cca 300 K\u010d, co by se d\u011blo s\u00a0na\u0161imi financemi, kdybychom se pustili do n\u00e1ro\u010dn\u011bj\u0161\u00edch stavebn\u00edch prac\u00ed? M\u00e1me tak\u00e9 n\u011bjak\u00e9 dal\u0161\u00ed pl\u00e1ny v\u00a0hlav\u011b? Co by se mohlo vymyslet nam\u00edsto nefunk\u010dn\u00ed pr\u00e1delny? T\u0159eba p\u0159\u00edst\u0159e\u0161ek na st\u00e1n\u00ed pro auto? A to by byly teprve n\u00e1klady! Co s\u00a0dome\u010dkem, co s\u00a0orlovnou? A na zahrad\u011b jsou v\u00a0havarijn\u00edm stavu terasy\u2026 a nenajde se n\u011bkde v\u00a0t\u011bch pl\u00e1nech n\u011bco, co by n\u00e1m pen\u00edze vyd\u011blalo? N\u011bjak\u00e9 dotace na zkulturn\u011bn\u00ed a zp\u0159\u00edstupn\u011bn\u00ed are\u00e1lu ve\u0159ejnosti \u2013 m\u00edsto pro setk\u00e1v\u00e1n\u00ed, galerie v\u00a0orlovn\u011b, p\u0159edn\u00e1\u0161kov\u00fd s\u00e1l?<\/p>\n<p>Bude to jist\u011b dlouh\u00fd proces, kdy se ledacos poda\u0159\u00ed, jin\u00e9 m\u00e9n\u011b, ale m\u011bli bychom se spojit a dokud n\u00e1m s\u00edly je\u0161t\u011b slou\u017e\u00ed, pracovat na budoucnosti \u2013 v\u011bt\u0161\u00ed finan\u010dn\u00ed samostatnosti \u2013 a kdy\u017e n\u011bkdo \u0159ekne: pro\u010d bychom to m\u011bli d\u011blat? Pro\u010d? Proto\u017ee nechceme p\u0159ed Hospodina p\u0159ij\u00edt s\u00a0pr\u00e1zdn\u00fdma rukama bez h\u0159iven, kter\u00e9 n\u00e1m sv\u011b\u0159il. Um\u00edme vz\u00edt za pr\u00e1ci, tak to bude aspo\u0148 to. T\u0159eba v\u00a0budoucnu n\u011bkdo vymysl\u00ed smysluplnou \u010dinnost, kter\u00e1 n\u00e1m a budouc\u00edm generac\u00edm farn\u00edk\u016f, umo\u017en\u00ed p\u0159e\u017e\u00edt bez finan\u010dn\u00edch starost\u00ed, s\u00a0vlastn\u00edm duchovn\u00edm past\u00fd\u0159em, krom\u011b toho se v\u0161emi st\u0159echami nad hlavou, a bude tu \u017e\u00edt (a nejen p\u0159e\u017e\u00edvat) sob\u011bsta\u010dn\u00e1 a hrd\u00e1 farnost Kostelec nad Orlic\u00ed!<\/p>\n<p>Komunikace trochu v\u00e1zne \u2013 nem\u00e1me kontakty a nev\u00edme o dal\u0161\u00edch dobrovoln\u00edc\u00edch, kte\u0159\u00ed by se cht\u011bli p\u0159idat a p\u0159ij\u00edt pomoci. Nen\u00ed povinnost \u017e\u00e1dn\u00e9ho z\u00a0n\u00e1s, abychom p\u0159i\u0161li poka\u017ed\u00e9, n\u011bkdo p\u0159ijde jednou a v\u00edckr\u00e1t nem\u016f\u017ee, jin\u00fd bude ochotn\u00fd pomoci \u010dast\u011bji. Nicm\u00e9n\u011b my tam budeme a r\u00e1di p\u0159iv\u00edt\u00e1me dal\u0161\u00ed dobrovoln\u00edky.<\/p>\n<p>Ludmila Konvalinkov\u00e1 + Petr P\u00e1vek<\/p>\n","protected":false},"excerpt":{"rendered":"<p>1. 6. 2017 Jak jsme st\u011bhovali sochu Jednoho kv\u011btnov\u00e9ho sobotn\u00edho r\u00e1na, socha svat\u00e9ho Jana z kamene vytes\u00e1na, byla z farn\u00edho dvora na zahradu p\u0159est\u011bhov\u00e1na. Omlouv\u00e1m se za \u00favodn\u00ed pokus o bonmot, ale p\u0159i\u0161el mi na mysl v souvislosti s t\u00edm, co bych v kr\u00e1tkosti cht\u011bla napsat. Na jedn\u00e9 z brig\u00e1d v r\u00e1mci akce F bylo &hellip; <a href=\"https:\/\/kno.farnost.cz\/?page_id=594\" class=\"more-link\">Pokra\u010dov\u00e1n\u00ed textu <span class=\"screen-reader-text\">opravy<\/span> <span class=\"meta-nav\">&rarr;<\/span><\/a><\/p>\n","protected":false},"author":1,"featured_media":0,"parent":18,"menu_order":3,"comment_status":"closed","ping_status":"closed","template":"","meta":{"footnotes":""},"class_list":["post-594","page","type-page","status-publish","hentry"],"_links":{"self":[{"href":"https:\/\/kno.farnost.cz\/index.php?rest_route=\/wp\/v2\/pages\/594","targetHints":{"allow":["GET"]}}],"collection":[{"href":"https:\/\/kno.farnost.cz\/index.php?rest_route=\/wp\/v2\/pages"}],"about":[{"href":"https:\/\/kno.farnost.cz\/index.php?rest_route=\/wp\/v2\/types\/page"}],"author":[{"embeddable":true,"href":"https:\/\/kno.farnost.cz\/index.php?rest_route=\/wp\/v2\/users\/1"}],"replies":[{"embeddable":true,"href":"https:\/\/kno.farnost.cz\/index.php?rest_route=%2Fwp%2Fv2%2Fcomments&post=594"}],"version-history":[{"count":0,"href":"https:\/\/kno.farnost.cz\/index.php?rest_route=\/wp\/v2\/pages\/594\/revisions"}],"up":[{"embeddable":true,"href":"https:\/\/kno.farnost.cz\/index.php?rest_route=\/wp\/v2\/pages\/18"}],"wp:attachment":[{"href":"https:\/\/kno.farnost.cz\/index.php?rest_route=%2Fwp%2Fv2%2Fmedia&parent=594"}],"curies":[{"name":"wp","href":"https:\/\/api.w.org\/{rel}","templated":true}]}}