{"id":32,"date":"2014-03-13T15:26:43","date_gmt":"2014-03-13T14:26:43","guid":{"rendered":"http:\/\/kno.farnost.cz\/?page_id=32"},"modified":"2014-08-11T16:10:24","modified_gmt":"2014-08-11T15:10:24","slug":"kostely","status":"publish","type":"page","link":"https:\/\/kno.farnost.cz\/?page_id=32","title":{"rendered":"kostely"},"content":{"rendered":"<p><strong>Homole<\/strong> (obec Borovnice)<\/p>\n<p><a title=\"Panny Marie Bolestn\u00e9\" href=\"http:\/\/kno.farnost.cz\/?page_id=67\">Panny Marie Bolestn\u00e9<\/a><\/p>\n<p><strong>Chleny<\/strong><\/p>\n<p><a title=\"sv. Apolin\u00e1\u0159\" href=\"http:\/\/kno.farnost.cz\/?page_id=63\">sv. Apolin\u00e1\u0159e, biskupa a mu\u010dedn\u00edka<\/a><\/p>\n<p><strong>Kostelec nad Orlic\u00ed<\/strong><\/p>\n<p><a title=\"sv. Ji\u0159\u00ed\" href=\"http:\/\/kno.farnost.cz\/?page_id=61\">sv. Ji\u0159\u00ed, mu\u010dedn\u00edka &#8211; farn\u00ed kostel<\/a><\/p>\n<p><a title=\"sv. Anna\" href=\"http:\/\/kno.farnost.cz\/?page_id=65\">sv. Anny<\/a><\/p>\n<p>kaple Nav\u0161t\u00edven\u00ed Panny Marie<\/p>\n<p><strong>Slemeno<\/strong><\/p>\n<p>sv. Josefa<\/p>\n","protected":false},"excerpt":{"rendered":"<p>Homole (obec Borovnice) Panny Marie Bolestn\u00e9 Chleny sv. Apolin\u00e1\u0159e, biskupa a mu\u010dedn\u00edka Kostelec nad Orlic\u00ed sv. Ji\u0159\u00ed, mu\u010dedn\u00edka &#8211; farn\u00ed kostel sv. Anny kaple Nav\u0161t\u00edven\u00ed Panny Marie Slemeno sv. Josefa<\/p>\n","protected":false},"author":1,"featured_media":0,"parent":0,"menu_order":0,"comment_status":"closed","ping_status":"closed","template":"","meta":{"footnotes":""},"class_list":["post-32","page","type-page","status-publish","hentry"],"_links":{"self":[{"href":"https:\/\/kno.farnost.cz\/index.php?rest_route=\/wp\/v2\/pages\/32","targetHints":{"allow":["GET"]}}],"collection":[{"href":"https:\/\/kno.farnost.cz\/index.php?rest_route=\/wp\/v2\/pages"}],"about":[{"href":"https:\/\/kno.farnost.cz\/index.php?rest_route=\/wp\/v2\/types\/page"}],"author":[{"embeddable":true,"href":"https:\/\/kno.farnost.cz\/index.php?rest_route=\/wp\/v2\/users\/1"}],"replies":[{"embeddable":true,"href":"https:\/\/kno.farnost.cz\/index.php?rest_route=%2Fwp%2Fv2%2Fcomments&post=32"}],"version-history":[{"count":0,"href":"https:\/\/kno.farnost.cz\/index.php?rest_route=\/wp\/v2\/pages\/32\/revisions"}],"wp:attachment":[{"href":"https:\/\/kno.farnost.cz\/index.php?rest_route=%2Fwp%2Fv2%2Fmedia&parent=32"}],"curies":[{"name":"wp","href":"https:\/\/api.w.org\/{rel}","templated":true}]}}