{"id":2,"date":"2014-03-13T11:13:20","date_gmt":"2014-03-13T11:13:20","guid":{"rendered":"http:\/\/kno.farnost.cz\/?page_id=2"},"modified":"2026-04-06T13:12:04","modified_gmt":"2026-04-06T11:12:04","slug":"zkusebni-stranka","status":"publish","type":"page","link":"https:\/\/kno.farnost.cz\/?page_id=2","title":{"rendered":"kontakt"},"content":{"rendered":"<p>\u0158\u00edmskokatolick\u00e1 farnost Kostelec nad Orlic\u00ed<\/p>\n<p>P. Mgr. Ing. <strong>Vladim\u00edr Handl<\/strong><\/p>\n<p><strong>Adresa<\/strong><br \/>\nJir\u00e1skovo n\u00e1m\u011bst\u00ed 71, 517 41 Kostelec nad Orlic\u00ed<br \/>\n<a href=\"mailto:rkfd.kostelec.no@centrum.cz\">rkfd.kostelec.no@centrum.cz<\/a><\/p>\n<p>farn\u00ed telefon <strong>731 604 685<\/strong><br \/>\ntelefon na kn\u011bze <strong>728 515 557<\/strong><\/p>\n<p>\u010d\u00edslo \u00fa\u010dtu: <strong>1241887399\/0800<\/strong><\/p>\n<p><strong>N\u00e1v\u0161t\u011bvn\u00ed hodiny <\/strong>domlouvejte po osobn\u00ed \u010di telefonick\u00e9 domluv\u011b mimo voln\u00fd den v pond\u011bl\u00ed.<\/p>\n<p><strong>TELEFONY DUCHOVN\u00cdCH SPR\u00c1V A KN\u011a\u017d\u00cd Z OKOLN\u00cdCH FARNOST\u00cd<\/strong> (pro nal\u00e9havou pot\u0159ebu ud\u011blen\u00ed sv\u00e1tosti nemocn\u00fdch um\u00edraj\u00edc\u00edm v p\u0159\u00edpad\u011b, \u017ee by kn\u011bz v duchovn\u00ed spr\u00e1v\u011b farnosti nebyl dostupn\u00fd)<\/p>\n<p>Vamberk: ThDr. <strong>Pawel Nowatkowski<\/strong>, far\u00e1\u0159 &#8211; tel. 493 814 330, 605 741 845<br \/>\nRychnov nad Kn\u011b\u017enou: Mgr. <strong>Petr Stejskal<\/strong>, d\u011bkan &#8211; 731 402 220<br \/>\n\u010castolovice: Mgr. <strong>Ond\u0159ej Kunc<\/strong>, administr\u00e1tor &#8211; 608 175 572<br \/>\nSolnice: ThMgr. <strong>Artur Kamil R\u00f3za\u0144ski<\/strong>, administr\u00e1tor &#8211;\u00a0 731 402 224<br \/>\nT\u00fdni\u0161t\u011b nad Orlic\u00ed: ThDr. <strong>Zbigniew \u017burawski<\/strong>, administr\u00e1tor &#8211; 731 598 996<\/p>\n","protected":false},"excerpt":{"rendered":"<p>\u0158\u00edmskokatolick\u00e1 farnost Kostelec nad Orlic\u00ed P. Mgr. Ing. Vladim\u00edr Handl Adresa Jir\u00e1skovo n\u00e1m\u011bst\u00ed 71, 517 41 Kostelec nad Orlic\u00ed rkfd.kostelec.no@centrum.cz farn\u00ed telefon 731 604 685 telefon na kn\u011bze 728 515 557 \u010d\u00edslo \u00fa\u010dtu: 1241887399\/0800 N\u00e1v\u0161t\u011bvn\u00ed hodiny domlouvejte po osobn\u00ed \u010di telefonick\u00e9 domluv\u011b mimo voln\u00fd den v pond\u011bl\u00ed. TELEFONY DUCHOVN\u00cdCH SPR\u00c1V A KN\u011a\u017d\u00cd Z OKOLN\u00cdCH FARNOST\u00cd &hellip; <a href=\"https:\/\/kno.farnost.cz\/?page_id=2\" class=\"more-link\">Pokra\u010dov\u00e1n\u00ed textu <span class=\"screen-reader-text\">kontakt<\/span> <span class=\"meta-nav\">&rarr;<\/span><\/a><\/p>\n","protected":false},"author":1,"featured_media":0,"parent":0,"menu_order":0,"comment_status":"closed","ping_status":"closed","template":"","meta":{"footnotes":""},"class_list":["post-2","page","type-page","status-publish","hentry"],"_links":{"self":[{"href":"https:\/\/kno.farnost.cz\/index.php?rest_route=\/wp\/v2\/pages\/2","targetHints":{"allow":["GET"]}}],"collection":[{"href":"https:\/\/kno.farnost.cz\/index.php?rest_route=\/wp\/v2\/pages"}],"about":[{"href":"https:\/\/kno.farnost.cz\/index.php?rest_route=\/wp\/v2\/types\/page"}],"author":[{"embeddable":true,"href":"https:\/\/kno.farnost.cz\/index.php?rest_route=\/wp\/v2\/users\/1"}],"replies":[{"embeddable":true,"href":"https:\/\/kno.farnost.cz\/index.php?rest_route=%2Fwp%2Fv2%2Fcomments&post=2"}],"version-history":[{"count":4,"href":"https:\/\/kno.farnost.cz\/index.php?rest_route=\/wp\/v2\/pages\/2\/revisions"}],"predecessor-version":[{"id":3162,"href":"https:\/\/kno.farnost.cz\/index.php?rest_route=\/wp\/v2\/pages\/2\/revisions\/3162"}],"wp:attachment":[{"href":"https:\/\/kno.farnost.cz\/index.php?rest_route=%2Fwp%2Fv2%2Fmedia&parent=2"}],"curies":[{"name":"wp","href":"https:\/\/api.w.org\/{rel}","templated":true}]}}