{"id":104,"date":"2014-03-15T10:44:05","date_gmt":"2014-03-15T09:44:05","guid":{"rendered":"http:\/\/kno.farnost.cz\/?page_id=104"},"modified":"2014-03-16T22:02:25","modified_gmt":"2014-03-16T21:02:25","slug":"rada-pastoracni","status":"publish","type":"page","link":"https:\/\/kno.farnost.cz\/?page_id=104","title":{"rendered":"rada pastora\u010dn\u00ed"},"content":{"rendered":"<p>Pastora\u010dn\u00ed rada je poradn\u00ed org\u00e1n duchovn\u00edho spr\u00e1vce. Jej\u00edm \u00fakolem je podpora pastora\u010dn\u00ed p\u00e9\u010de.<\/p>\n<p>Pastorace (\u010dili p\u00e9\u010de o duchovn\u00ed sm\u011b\u0159ov\u00e1n\u00ed) je soubor \u010dinnost\u00ed, jimi\u017e c\u00edrkev navenek i dovnit\u0159 realizuje svoje posl\u00e1n\u00ed. Spo\u010d\u00edv\u00e1 v p\u016fsoben\u00ed na konkr\u00e9tn\u00ed lidi, a\u0165 u\u017e v\u011b\u0159\u00edc\u00ed, nebo nev\u011b\u0159\u00edc\u00ed, v konkr\u00e9tn\u00edch \u017eivotn\u00edch podm\u00ednk\u00e1ch. Pastora\u010dn\u00ed \u010dinnost se m\u016f\u017ee t\u00fdkat ur\u010dit\u00e9 skupiny osob (nap\u0159. pastorace ml\u00e1de\u017ee) nebo ur\u010dit\u00fdch \u017eivotn\u00edch situac\u00ed (nap\u0159. pastorace v nemocnic\u00edch).<\/p>\n<p>Pastorace je slu\u017ebou lidem a m\u016f\u017ee spo\u010d\u00edvat v pomoci jak p\u0159i hled\u00e1n\u00ed \u010di upev\u0148ov\u00e1n\u00ed v\u00edry, tak p\u0159i \u0159e\u0161en\u00ed nejr\u016fzn\u011bj\u0161\u00edch \u017eivotn\u00edch situac\u00ed, ale zahrnuje nap\u0159\u00edklad i ud\u00edlen\u00ed sv\u00e1tost\u00ed. Problematikou pastorace se zab\u00fdv\u00e1 teologick\u00fd obor ozna\u010dovan\u00fd jako pastor\u00e1ln\u00ed teologie.<\/p>\n","protected":false},"excerpt":{"rendered":"<p>Pastora\u010dn\u00ed rada je poradn\u00ed org\u00e1n duchovn\u00edho spr\u00e1vce. Jej\u00edm \u00fakolem je podpora pastora\u010dn\u00ed p\u00e9\u010de. Pastorace (\u010dili p\u00e9\u010de o duchovn\u00ed sm\u011b\u0159ov\u00e1n\u00ed) je soubor \u010dinnost\u00ed, jimi\u017e c\u00edrkev navenek i dovnit\u0159 realizuje svoje posl\u00e1n\u00ed. Spo\u010d\u00edv\u00e1 v p\u016fsoben\u00ed na konkr\u00e9tn\u00ed lidi, a\u0165 u\u017e v\u011b\u0159\u00edc\u00ed, nebo nev\u011b\u0159\u00edc\u00ed, v konkr\u00e9tn\u00edch \u017eivotn\u00edch podm\u00ednk\u00e1ch. Pastora\u010dn\u00ed \u010dinnost se m\u016f\u017ee t\u00fdkat ur\u010dit\u00e9 skupiny osob (nap\u0159. pastorace &hellip; <a href=\"https:\/\/kno.farnost.cz\/?page_id=104\" class=\"more-link\">Pokra\u010dov\u00e1n\u00ed textu <span class=\"screen-reader-text\">rada pastora\u010dn\u00ed<\/span> <span class=\"meta-nav\">&rarr;<\/span><\/a><\/p>\n","protected":false},"author":1,"featured_media":0,"parent":18,"menu_order":0,"comment_status":"closed","ping_status":"closed","template":"","meta":{"footnotes":""},"class_list":["post-104","page","type-page","status-publish","hentry"],"_links":{"self":[{"href":"https:\/\/kno.farnost.cz\/index.php?rest_route=\/wp\/v2\/pages\/104","targetHints":{"allow":["GET"]}}],"collection":[{"href":"https:\/\/kno.farnost.cz\/index.php?rest_route=\/wp\/v2\/pages"}],"about":[{"href":"https:\/\/kno.farnost.cz\/index.php?rest_route=\/wp\/v2\/types\/page"}],"author":[{"embeddable":true,"href":"https:\/\/kno.farnost.cz\/index.php?rest_route=\/wp\/v2\/users\/1"}],"replies":[{"embeddable":true,"href":"https:\/\/kno.farnost.cz\/index.php?rest_route=%2Fwp%2Fv2%2Fcomments&post=104"}],"version-history":[{"count":0,"href":"https:\/\/kno.farnost.cz\/index.php?rest_route=\/wp\/v2\/pages\/104\/revisions"}],"up":[{"embeddable":true,"href":"https:\/\/kno.farnost.cz\/index.php?rest_route=\/wp\/v2\/pages\/18"}],"wp:attachment":[{"href":"https:\/\/kno.farnost.cz\/index.php?rest_route=%2Fwp%2Fv2%2Fmedia&parent=104"}],"curies":[{"name":"wp","href":"https:\/\/api.w.org\/{rel}","templated":true}]}}

rada pastorační

<p>Pastorační rada je poradní orgán duchovního správce. Jejím úkolem je podpora pastorační péče.</p>
<p>Pastorace (čili péče o duchovní směřování) je soubor činností, jimiž církev navenek i dovnitř realizuje svoje poslání. Spočívá v působení na konkrétní lidi, ať už věřící, nebo nevěřící, v konkrétních životních podmínkách. Pastorační činnost se může týkat určité skupiny osob (např. pastorace mládeže) nebo určitých životních situací (např. pastorace v nemocnicích).</p>
<p>Pastorace je službou lidem a může spočívat v pomoci jak při hledání či upevňování víry, tak při řešení nejrůznějších životních situací, ale zahrnuje například i udílení svátostí. Problematikou pastorace se zabývá teologický obor označovaný jako pastorální teologie.</p>

<p>Pastorační rada je poradní orgán duchovního správce. Jejím úkolem je podpora pastorační péče. Pastorace (čili péče o duchovní směřování) je soubor činností, jimiž církev navenek i dovnitř realizuje svoje poslání. Spočívá v působení na konkrétní lidi, ať už věřící, nebo nevěřící, v konkrétních životních podmínkách. Pastorační činnost se může týkat určité skupiny osob (např. pastorace &hellip; <a href="https://kno.farnost.cz/?page_id=104" class="more-link">Pokračování textu <span class="screen-reader-text">rada pastorační</span> <span class="meta-nav">&rarr;</span></a></p>
